the value of 10 + -5 + -5 - 1 - -1?
0
What is the value of 1 + -8 - (7 + -1 - (0 - -27))?
14
-29 - (-20 + -24 + 20)
-5
Calculate -30 - ((0 - 0) + (97 - 102)).
-25
What is (2 - -5) + (-7 - 3)?
-3
What is (-1 + -5 - (0 - -1)) + 12 + -14?
-9
What is the value of 1 + 2 - 8 - (-54 + 51)?
-2
What is the value of 7 + -14 - (-1 + -16)?
10
What is (4 - 9) + 4 + -13 - (-4 - 0)?
-10
-2 - 10 - (150 - 193)
31
Evaluate 39 + -12 + -17 + 8.
18
What is 11 + -28 + (-8 - -5) + 6?
-14
-4 - -2 - (-28 - -29) - 1
-4
Evaluate (-24 - -31) + -2 + -9.
-4
Evaluate -40 + (-18 + 36 - -4).
-18
What is -9 - ((21 - 22) + -1)?
-7
Evaluate 10 + 22 + (-5 - 9) + 9.
27
Evaluate 1 - ((2 + 2 - -2) + (-8 - -6)).
-3
-13 - ((1 - -22) + -21)
-15
(-2 - 2) + (-7 - (-8 - -4)) - -18
11
What is -6 - (-10 - -8) - (-20 - -13)?
3
Calculate 7 + 5 + -1 + 12 + -12 - 7.
4
What is -28 + (-11 - -16) + 3 + -6 + 7?
-19
-11 + (-3 - -11) + 21 + -24
-6
What is the value of -27 - (-8 - 2) - (1 + -8)?
-10
What is -293 + 315 - (17 + 1)?
4
Evaluate 4 - (-11 + (20 - 12) + 5 - 28).
30
What is 14 - (33 + -52 + 6)?
27
What is (-31 - -36) + (1 - (4 + -3) - 16)?
-11
What is the value of -2 - (-8 - -3) - (11 - (7 - 5))?
-6
Calculate 10 + (-50 - -37) + 32.
29
Calculate -14 + (7 - 5) - -22 - -8.
18
(0 - 1) + (5 - (3 + 3 + 3))
-5
Evaluate 8 - (1 + -16 + 43 - 3).
-17
What is -25 + (-2 - -20) - -2?
-5
What is 6 + 26 + -11 + -13?
8
Calculate -14 + 2 + (6 - 3).
-9
What is 10 + (13 - (7 + (-1 - -2) + -2))?
17
Evaluate 3 + 21 + -28 + 40 + -10.
26
-1 + -3 + 51 - (54 - 37)
30
What is (0 - -6) + (-139 - -148) - (-2 - 2)?
19
Calculate -14 - (26 + -12 + -16).
-12
What is -16 + (28 - 16) + -20?
-24
Calculate (-8 - -1) + 0 + 30 + -42 + 7.
-12
What is the value of 9 + -32 - 2 - -6?
-19
Evaluate (-4 - 4) + 2 - (-3 - -9).
-12
Calculate -7 - (-10 - -12 - 14).
5
Calculate (-1 - 1) + 13 + -181 + 172.
2
Calculate 7 + 1 + (134 - 140) + -1 + -1.
0
9 - (0 + 6) - (-4 + 11)
-4
-14 + 36 + -12 - 3
7
-20 + (-144 - -154) + 2 + -1
-9
What is (10 - 19) + 12 - 14?
-11
What is 14 + 7 + -7 - ((-12 - 5) + 8)?
23
What is the value of (7 - 28 - -12 - -6) + (-2 - -5)?
0
What is the value of (15 - (1 - 2)) + (-214 - -176)?
-22
What is the value of 13 - -7 - (60 + -44)?
4
What is -31 - (-43 - (26 + -63))?
-25
What is 30 - (-5 + (32 - 22))?
25
What is 7 + 21 + -14 + -17?
-3
Calculate -10 + (1 - 9) + (-31 - -43) - -2.
-4
3 - 6 - -6 - (343 + -361)
21
What is the value of 0 - (-13 + 4 + 5 + -15) - 9?
10
Evaluate -7 - 0 - (0 + 21 + -221 + 209).
-16
0 + 17 - (-23 - (-17 - 8))
15
Calculate 22 + -26 - (-5 + -5 + 2).
4
-15 + (-2 - (0 - -1) - (-407 - -406))
-17
Evaluate -604 + 595 - (4 - -1 - (0 + -1)).
-15
-30 + 2 - (-2 - 9 - 0)
-17
(-3 - 0) + 0 - (288 + -287) - 12
-16
Evaluate -25 + 4 + 78 + -70.
-13
7 + -35 + (26 - 0)
-2
What is the value of 30 - (-1 + (20 - 0 - (-24 - -35)))?
22
What is -1 + -2 - -3 - -4?
4
Calculate -136 + 109 - (-4 - (-9 + 2)).
-30
Calculate 23 - 6 - (-17 - -16 - (-1 + 0)).
17
Calculate 1 + 0 - (6 + -3 + -2) - -4.
4
Evaluate -9 - (26 + -20 + -3 + -4).
-8
Calculate 0 - (0 - (11 - (1 + 18))).
-8
What is 16 - (5 + (-3 - -5)) - (2 - 4)?
11
Calculate -36 + 44 + (-6 - -33).
35
Calculate 3 + (-5 - -9) + (-26 + -1 - -6).
-14
What is the value of -42 + -43 + 43 + 78?
36
What is the value of 14 + (-1 - -13 - 36)?
-10
Evaluate (-25 - -17 - 0) + 3 + -6.
-11
Evaluate (1 - -4) + -12 + 24 + -8.
9
What is the value of 2 + -11 + (-10 - 2 - -13)?
-8
What is the value of (-2 - 2) + -13 + 8 + 1 + 0?
-8
Calculate 3 + 20 - 33 - (0 - -8).
-18
Calculate (-3 - (-1 + -4 - 1 - -2)) + -2.
-1
Calculate 69 + -56 - (47 + -4).
-30
-16 - (1 + -1 + 0 + 6)
-22
Evaluate 6 - -12 - 23 - 8.
-13
(1 - -7) + (-208 - -211)
11
What is (6 + (-9 - 10) - -18) + -42?
-37
Evaluate 0 - -1 - (4 + 7).
-10
What is 7 + (-13 - -15) - (8 + 0)?
1
(16 - -11) + (16 - 18)
25
Evaluate 15 + (-3 - 13) + (-1 - 19) - 3.
-24
What is -14 + -6 + 3 - (1 - 1)?
-17
What is -4 - (-8 - -13 - -1 - (18 + 0))?
8
What is the value of 11 + (8 - 31) + 16?
4
50 - 17 - (27 - 0 - 7 - 9)
22
What is -5 - (-21 - (2 - (1 - -6)))?
11
What is the value of -2 + (-17 - (-14 + 1))?
-6
13 + (-53 - -54) + (-2 - 6)
6
-1 + 33 + (-772 - -752)
12
Evaluate 5 - 4 - -4 - (33 - 19 - 13).
4
Calculate (7 - 13 - 7) + 22.
9
What is the value of (0 - ((4 - (-3 + 3)) + 3)) + 8?
1
What is -6 + 7 - 9 - -7 - (2 + -11)?
8
What is -18 + 1 - (-2 + (14 - 7 - 10))?
-12
Evaluate -13 + 2 + 2 - -8 - 10.
-11
What is 5 + -3 + -5 - -5 - -2?
4
-27 - -1 - (-5 + -2)
-19
Calculate (9 - 22 - 3 - (4 - 5)) + -4.
-19
What is -15 + -30 + 49 + -16?
-12
Evaluate -11 - 0 - 1 - (64 + -77).
1
What is -7 + (10 - (21 + 0))?
-18
What is 6 + 0 - ((-8 - -5) + (0 - -6))?
3
What is 1 + 11 + -50 + 6 + 9 + -4?
-27
Calculate -3 + -3 - -17 - 4.
7
Evaluate 14 + (-27 - -13 - 17).
-17
21 - 11 - 11 - (-3 + 17)
-15
What is (22 - 1) + (-349 - -359)?
31
What is the value of 21 - (-3 + -3 - (5 - (1 + 5)))?
26
Evaluate -2 + (0 - 3 - (4 - -9)) + 5.
-13
What is the value of -6 + (32 + -30 - (0 - -3))?
-7
Calculate 12 + (18 - 9) + -17 + 1 + -18.
-13
What is 8 + -10 + (-25 - -10) - 2?
-19
-3 + (-1 + -2 - -1) - (-8 + 5)
-2
Calculate (1 - 4) + -33 + 25 - -1.
-10
Evaluate (19 - (7 + -6)) + -12.
6
Calculate (1 - 13) + (14 - 9) + 0.
-7
What is the value of (17 - 26) + -19 + 4?
-24
Evaluate 21 - (-6 + -7 + 24).
10
What is -14 - ((13 - -1) + -17 - -6)?
-17
Evaluate (9 - 27) + -11 + 15.
-14
18 - 4 - (0 + (1 - -11))
2
Evaluate -3 - (((9 - 4) + -13 - -5) + -1).
1
(9 - (-4 - 1)) + (-5 - -1)
10
Calculate -2 - -15 - (-310 - -307).
16
What is -4 + -3 + 0 - (0 + (-1 - 0))?
-6
Calculate -18 - (3 + -3 - ((-13 - -15) + 1)).
-15
-118 + 133 - (19 + 1) - (0 + 8)
-13
What is 0 - (15 - 9) - (-10 - (-1 + 1))?
4
0 + (-18 - -1 - -28)
11
Calculate -131 - -93 - (-38 + 2).
-2
-1 + -1 + -7 + -5 - -7
-7
Calculate -8 - -2 - 1 - (-10 + (5 - 12)).
10
What is 2 + 24 + (-2 - 10) + -5 + -1?
8
What is the value of 1 + 4 + (-17 - -13)?
1
-87 + 92 + 0 + -6 + -1
-2
(44 - 39) + 3 - ((-2 - 7) + 2)
15
15 - (-2 + 3 + 0 + 8)
6
Calculate (0 - -15) + -9 + 23 + (-7 - 6).
16
Calculate 16 + -2 + -12 + (2 - 3).
1
Calculate -26 + (0 - 3 - -5).
-24
Calculate 7 + -5 + (-41 - -43).
4
1 + -8 + 0 - (55 - (92 + -46))
-16
Evaluate -20 + 32 + 3 + -37 + 5.
-17
Evaluate -74 - (17 - 67) - (3 - 1).
-26
What is the value of 6 + -11 + -2 - -12 - -7?
12
Evaluate 3 + -51 + 57 + (0 - -2).
11
Evaluate -27 - -18 - (0 - (-2 + 5 - 0)).
-6
What is 9 - (1 - 14 - (42 + -48))?
16
Calculate (29 - 33) + (4 - 1).
-1
-19 + (8 - -9) + -12
-14
Evaluate -1 + -3 + (-6 + 17 - 3).
4
Calculate 170 + -173 + -4 + (-3 - (-9 - -4)).
-5
Calculate (-40 - 1) + 35 + -24.
-30
Calculate -11 - (0 - (-10 + 11) - -10).
-20
Calculate -6 - (6 + -14 + (6 - 3)).
-1
Evaluate 7 + 7 - 9 - -12.
17
What is -8 + -10 + 10 - -10?
2
What is the value of 15 + -21 - ((-11 - (3 + -7)) + 2)?
-1
Evaluate 30 + -51 + 56 - 50.
-15
What is the value of -21 - (23 - (52 + -13))?
-5
Evaluate (19 - -2) + (3 - 12 - -3) + 1.
16
Evaluate (2 - (1 - (5 + -2))) + -6 - 1.
-3
13 + (-11 - 6) - -21 - 9
8
What is the value of 10 + 3 + (-13 - -2) + (1 - -9)?
12
What is the value of 3 - (-7 + (-5 - -9) - 8) - 9?
5
Calculate (1 - 4) + 2 - (38 + -12 - 42).
15
Calculate -12 + (2 - 3) + 19 + (-16 - 11).
-21
What is the value of 2 - -3 - (-14 + 1 + 4 + 14)?
0
Evaluate (-1882 - -1894) + -1 + -15 + 0 - -11.
7
What is the value of -2 + (7 - (-7 + -2 - -8))?
6
What is (-127 - -134) + 0 + -10?
-3
Evaluate 5 + 1 + 4 + -6 + -8.
-4
What is -5 - (-12 + 1 - -4 - 5)?
7
Calculate (4 - -8) + (-38 - -23 - 21).
-24
Evaluate (-12 - -18 - -2 - 8) + (-4 - 0).
-4
What is 11 - (13 + -3 + -4) - -16?
21
Evaluate -4 + (-16 - -21) - (21 + 2 + -3).
-19
What is (-49 - (-30 - -6)) + 38?
13
What is the value of -3 + -14 + (-3 + 3 - -7)?
-10
What is -1 + -4 - (2525 - 2537)?
7
What is -9 + 11 + -39 + 7 + 8?
-22
Calculate -2 + 1 + (-88 - -92).
3
-4 - (-2 + (8 - 11) + 1 + -5)
5
Evaluate (0 - (-2 - 13)) + -8 + 6.
13
What is the value of 23 + 14 + 2 + -39?
0
Evaluate (-5 + 3 - (-5 - -4 - 3)) + -14.
-12
Evaluate -25 + (-56 + 53 - (-6 - 1)).
-21
4 + (11 - 3) + -3 + -1
8
What is the value of (2 - 7) + 0 + 15 + 12?
22
What is the value of 3 + -1 - ((2 - -8) + -190 + 175)?
7
Calculate (-2 - (0 - (-8 + 2)) - -7) + -2.
-3
Evaluate -28 - -27 - ((2 - 0 - 14) + 7).
4
Calculate 82 - 